{"id":3306,"date":"2024-11-07T10:57:14","date_gmt":"2024-11-07T10:57:14","guid":{"rendered":"https:\/\/kommen.es\/blog\/?page_id=3306"},"modified":"2025-02-27T12:45:26","modified_gmt":"2025-02-27T12:45:26","slug":"recetas-alemanas-postres","status":"publish","type":"page","link":"https:\/\/kommen.es\/blog\/recetas-alemanas-postres\/","title":{"rendered":"Recetas de Postres Alemanes"},"content":{"rendered":"\n<p><\/p>\n\n\n\n<p>Descubre las <strong>recetas m\u00e1s irresistibles de postres alemanes<\/strong> y a\u00f1ade un toque dulce y aut\u00e9ntico a tus comidas. Desde el cl\u00e1sico Apfelstrudel, con su masa crujiente y relleno de manzana, hasta el delicioso Baumkuchen, un pastel en capas que se funde en la boca, los postres de la gastronom\u00eda alemana est\u00e1n llenos de historia y sabor. <\/p>\n\n\n\n<h2 class=\"wp-block-heading\">Recetas de reposter\u00eda alemana<\/h2>\n\n\n\n<p><\/p>\n\n\n\n<p>Cada receta est\u00e1 pensada para que puedas disfrutar de estas delicias en casa, con ingredientes accesibles y pasos f\u00e1ciles de seguir. Sorprende a tus invitados con postres que no solo son dulces, sino tambi\u00e9n una experiencia cultural \u00fanica. <\/p>\n\n\n\n<p class=\"has-text-align-center\">\u00a1Atr\u00e9vete a cocinar y descubre por qu\u00e9 la reposter\u00eda alemana es sin\u00f3nimo de tradici\u00f3n y sabor inolvidable!<\/p>\n\n\n\n<div class=\"wp-block-columns is-layout-flex wp-container-core-columns-layout-1 wp-block-columns-is-layout-flex\">\n<div class=\"wp-block-column is-layout-flow wp-block-column-is-layout-flow\">\n<article id=\"post-1263\" class=\"post-1263 recetas-alemanas type-recetas-alemanas status-publish has-post-thumbnail hentry etiqueta-platos-tipicos\">\n                        <div class=\"row mb-3 mx-2 bg-white rounded-1 position-relative\">\n                            <div class=\"col-12 featured-image_home__secondary\" style=\"background:#DDDDDD url(https:\/\/kommen.es\/blog\/wp-content\/uploads\/2023\/02\/receta_strudel_aleman_original.webp) no-repeat;background-size:cover;background-position:center;\">\n                            <\/div>\n\t\t\t\t\t\t\t\t\n                            <div class=\"col-12 px-4 py-2\">\n                                <h2 class=\"subtitle_home\"><a href=\"https:\/\/kommen.es\/blog\/recetas-alemanas\/strudel-de-manzana-tradicional\/\">C\u00f3mo hacer un Strudel de Manzana Tradicional Alem\u00e1n<\/a><\/h2>\n                            <\/div>\n                        \n                        <\/div>\n                    <\/article>\n<\/div>\n\n\n\n<div class=\"wp-block-column is-layout-flow wp-block-column-is-layout-flow\">\n<article id=\"post-1836\" class=\"post-1836 recetas-alemanas type-recetas-alemanas status-publish has-post-thumbnail hentry etiqueta-dulces etiqueta-platos-tipicos\">\n                        <div class=\"row mb-3 mx-2 bg-white rounded-1 position-relative\">\n                            <div class=\"col-12 featured-image_home__secondary\" style=\"background:#DDDDDD url(https:\/\/kommen.es\/blog\/wp-content\/uploads\/2023\/10\/kaiserschmarrn-receta-tradicional.webp) no-repeat;background-size:cover;background-position:center;\">\n                            <\/div>\n\t\t\t\t\t\t\t\t\n                            <div class=\"col-12 px-4 py-2\">\n                                <h2 class=\"subtitle_home\"><a href=\"https:\/\/kommen.es\/blog\/recetas-alemanas\/kaiserschmarrn\/\">Receta tradicional de Kaiserschmarrn, una delicia imperial<\/a><\/h2>\n                            <\/div>\n                        \n                        <\/div>\n                    <\/article>\n<\/div>\n<\/div>\n\n\n\n<div class=\"wp-block-columns is-layout-flex wp-container-core-columns-layout-2 wp-block-columns-is-layout-flex\">\n<div class=\"wp-block-column is-layout-flow wp-block-column-is-layout-flow\">\n<article id=\"post-1356\" class=\"post-1356 recetas-alemanas type-recetas-alemanas status-publish has-post-thumbnail hentry etiqueta-platos-tipicos\">\n                        <div class=\"row mb-3 mx-2 bg-white rounded-1 position-relative\">\n                            <div class=\"col-12 featured-image_home__secondary\" style=\"background:#DDDDDD url(https:\/\/kommen.es\/blog\/wp-content\/uploads\/2023\/03\/pan-de-pascua-aleman-osterbrot.webp) no-repeat;background-size:cover;background-position:center;\">\n                            <\/div>\n\t\t\t\t\t\t\t\t\n                            <div class=\"col-12 px-4 py-2\">\n                                <h2 class=\"subtitle_home\"><a href=\"https:\/\/kommen.es\/blog\/recetas-alemanas\/pan-de-pascua-osterbrot\/\">Receta de Pan de Pascua alem\u00e1n tradicional \u2013 \u00d6sterbrot<\/a><\/h2>\n                            <\/div>\n                        \n                        <\/div>\n                    <\/article>\n<\/div>\n\n\n\n<div class=\"wp-block-column is-layout-flow wp-block-column-is-layout-flow\">\n<article id=\"post-1481\" class=\"post-1481 recetas-alemanas type-recetas-alemanas status-publish has-post-thumbnail hentry etiqueta-dulces\">\n                        <div class=\"row mb-3 mx-2 bg-white rounded-1 position-relative\">\n                            <div class=\"col-12 featured-image_home__secondary\" style=\"background:#DDDDDD url(https:\/\/kommen.es\/blog\/wp-content\/uploads\/2023\/05\/tarta-selva-negra-receta.webp) no-repeat;background-size:cover;background-position:center;\">\n                            <\/div>\n\t\t\t\t\t\t\t\t\n                            <div class=\"col-12 px-4 py-2\">\n                                <h2 class=\"subtitle_home\"><a href=\"https:\/\/kommen.es\/blog\/recetas-alemanas\/tarta-selva-negra\/\">\u00bfC\u00f3mo se prepara la aut\u00e9ntica tarta Selva Negra?<\/a><\/h2>\n                            <\/div>\n                        \n                        <\/div>\n                    <\/article>\n<\/div>\n<\/div>\n\n\n\n<div class=\"wp-block-columns is-layout-flex wp-container-core-columns-layout-3 wp-block-columns-is-layout-flex\">\n<div class=\"wp-block-column is-layout-flow wp-block-column-is-layout-flow\">\n<article id=\"post-2554\" class=\"post-2554 recetas-alemanas type-recetas-alemanas status-publish has-post-thumbnail hentry etiqueta-dulces\">\n                        <div class=\"row mb-3 mx-2 bg-white rounded-1 position-relative\">\n                            <div class=\"col-12 featured-image_home__secondary\" style=\"background:#DDDDDD url(https:\/\/kommen.es\/blog\/wp-content\/uploads\/2024\/05\/Baumkuchen_pastel_arbol_aleman.webp) no-repeat;background-size:cover;background-position:center;\">\n                            <\/div>\n\t\t\t\t\t\t\t\t\n                            <div class=\"col-12 px-4 py-2\">\n                                <h2 class=\"subtitle_home\"><a href=\"https:\/\/kommen.es\/blog\/recetas-alemanas\/baumkuchen-pastel-arbol\/\">Descubre el secreto del Baumkuchen perfecto<\/a><\/h2>\n                            <\/div>\n                        \n                        <\/div>\n                    <\/article>\n<\/div>\n\n\n\n<div class=\"wp-block-column is-layout-flow wp-block-column-is-layout-flow\">\n<article id=\"post-2596\" class=\"post-2596 recetas-alemanas type-recetas-alemanas status-publish has-post-thumbnail hentry etiqueta-dulces\">\n                        <div class=\"row mb-3 mx-2 bg-white rounded-1 position-relative\">\n                            <div class=\"col-12 featured-image_home__secondary\" style=\"background:#DDDDDD url(https:\/\/kommen.es\/blog\/wp-content\/uploads\/2024\/05\/reecta_Butterkuchen_pastel_mantequilla_aleman.webp) no-repeat;background-size:cover;background-position:center;\">\n                            <\/div>\n\t\t\t\t\t\t\t\t\n                            <div class=\"col-12 px-4 py-2\">\n                                <h2 class=\"subtitle_home\"><a href=\"https:\/\/kommen.es\/blog\/recetas-alemanas\/butterkuchen-pastel-de-mantequilla\/\">C\u00f3mo preparar Butterkuchen: el pastel de mantequilla que conquistar\u00e1 tu paladar<\/a><\/h2>\n                            <\/div>\n                        \n                        <\/div>\n                    <\/article>\n<\/div>\n<\/div>\n\n\n\n<div class=\"wp-block-columns is-layout-flex wp-container-core-columns-layout-4 wp-block-columns-is-layout-flex\">\n<div class=\"wp-block-column is-layout-flow wp-block-column-is-layout-flow\">\n<article id=\"post-2786\" class=\"post-2786 recetas-alemanas type-recetas-alemanas status-publish has-post-thumbnail hentry\">\n                        <div class=\"row mb-3 mx-2 bg-white rounded-1 position-relative\">\n                            <div class=\"col-12 featured-image_home__secondary\" style=\"background:#DDDDDD url(https:\/\/kommen.es\/blog\/wp-content\/uploads\/2024\/07\/receta_crema_bavara.webp) no-repeat;background-size:cover;background-position:center;\">\n                            <\/div>\n\t\t\t\t\t\t\t\t\n                            <div class=\"col-12 px-4 py-2\">\n                                <h2 class=\"subtitle_home\"><a href=\"https:\/\/kommen.es\/blog\/recetas-alemanas\/como-hacer-crema-bavara\/\">Crema b\u00e1vara: un postre elegante y sedoso que encantar\u00e1 a todos<\/a><\/h2>\n                            <\/div>\n                        \n                        <\/div>\n                    <\/article>\n<\/div>\n\n\n\n<div class=\"wp-block-column is-layout-flow wp-block-column-is-layout-flow\">\n<article id=\"post-2485\" class=\"post-2485 recetas-alemanas type-recetas-alemanas status-publish has-post-thumbnail hentry etiqueta-dulces\">\n                        <div class=\"row mb-3 mx-2 bg-white rounded-1 position-relative\">\n                            <div class=\"col-12 featured-image_home__secondary\" style=\"background:#DDDDDD url(https:\/\/kommen.es\/blog\/wp-content\/uploads\/2024\/03\/receta_Apfelkuchen_tarta_manzana_alemana.webp) no-repeat;background-size:cover;background-position:center;\">\n                            <\/div>\n\t\t\t\t\t\t\t\t\n                            <div class=\"col-12 px-4 py-2\">\n                                <h2 class=\"subtitle_home\"><a href=\"https:\/\/kommen.es\/blog\/recetas-alemanas\/apfelkuchen-tarta-de-manzana-alemana\/\">Apfelkuchen: Tarta de manzana alemana<\/a><\/h2>\n                            <\/div>\n                        \n                        <\/div>\n                    <\/article>\n<\/div>\n<\/div>\n\n\n\n<div class=\"wp-block-columns is-layout-flex wp-container-core-columns-layout-5 wp-block-columns-is-layout-flex\">\n<div class=\"wp-block-column is-layout-flow wp-block-column-is-layout-flow\">\n<article id=\"post-3143\" class=\"post-3143 recetas-alemanas type-recetas-alemanas status-publish has-post-thumbnail hentry\">\n                        <div class=\"row mb-3 mx-2 bg-white rounded-1 position-relative\">\n                            <div class=\"col-12 featured-image_home__secondary\" style=\"background:#DDDDDD url(https:\/\/kommen.es\/blog\/wp-content\/uploads\/2024\/09\/receta-tradicional-stollen-aleman.webp) no-repeat;background-size:cover;background-position:center;\">\n                            <\/div>\n\t\t\t\t\t\t\t\t\n                            <div class=\"col-12 px-4 py-2\">\n                                <h2 class=\"subtitle_home\"><a href=\"https:\/\/kommen.es\/blog\/recetas-alemanas\/stollen-tradicional\/\">C\u00f3mo preparar el Stollen: Un manjar alem\u00e1n para endulzar las navidades<\/a><\/h2>\n                            <\/div>\n                        \n                        <\/div>\n                    <\/article>\n<\/div>\n\n\n\n<div class=\"wp-block-column is-layout-flow wp-block-column-is-layout-flow\">\n<article id=\"post-2599\" class=\"post-2599 recetas-alemanas type-recetas-alemanas status-publish has-post-thumbnail hentry etiqueta-dulces\">\n                        <div class=\"row mb-3 mx-2 bg-white rounded-1 position-relative\">\n                            <div class=\"col-12 featured-image_home__secondary\" style=\"background:#DDDDDD url(https:\/\/kommen.es\/blog\/wp-content\/uploads\/2024\/05\/receta_Quarkballchen_bolitas_queso_quark.webp) no-repeat;background-size:cover;background-position:center;\">\n                            <\/div>\n\t\t\t\t\t\t\t\t\n                            <div class=\"col-12 px-4 py-2\">\n                                <h2 class=\"subtitle_home\"><a href=\"https:\/\/kommen.es\/blog\/recetas-alemanas\/quarkbaellchen-bolitas-queso-quark\/\">Quarkb\u00e4llchen: peque\u00f1as delicias de queso quark que no podr\u00e1s dejar de comer<\/a><\/h2>\n                            <\/div>\n                        \n                        <\/div>\n                    <\/article>\n<\/div>\n<\/div>\n\n\n\n<div class=\"wp-block-columns is-layout-flex wp-container-core-columns-layout-6 wp-block-columns-is-layout-flex\">\n<div class=\"wp-block-column is-layout-flow wp-block-column-is-layout-flow\">\n<article id=\"post-2769\" class=\"post-2769 recetas-alemanas type-recetas-alemanas status-publish has-post-thumbnail hentry etiqueta-dulces\">\n                        <div class=\"row mb-3 mx-2 bg-white rounded-1 position-relative\">\n                            <div class=\"col-12 featured-image_home__secondary\" style=\"background:#DDDDDD url(https:\/\/kommen.es\/blog\/wp-content\/uploads\/2024\/06\/kaesekuchen_receta_tarta_queso-aleman.webp) no-repeat;background-size:cover;background-position:center;\">\n                            <\/div>\n\t\t\t\t\t\t\t\t\n                            <div class=\"col-12 px-4 py-2\">\n                                <h2 class=\"subtitle_home\"><a href=\"https:\/\/kommen.es\/blog\/recetas-alemanas\/kaesekuchen-pastel-queso-aleman\/\">Receta de K\u00e4sekuchen: el pastel de queso alem\u00e1n que derretir\u00e1 tu coraz\u00f3n<\/a><\/h2>\n                            <\/div>\n                        \n                        <\/div>\n                    <\/article>\n<\/div>\n\n\n\n<div class=\"wp-block-column is-layout-flow wp-block-column-is-layout-flow\">\n<article id=\"post-2463\" class=\"post-2463 recetas-alemanas type-recetas-alemanas status-publish has-post-thumbnail hentry etiqueta-dulces\">\n                        <div class=\"row mb-3 mx-2 bg-white rounded-1 position-relative\">\n                            <div class=\"col-12 featured-image_home__secondary\" style=\"background:#DDDDDD url(https:\/\/kommen.es\/blog\/wp-content\/uploads\/2024\/03\/Osterlamm_receta.webp) no-repeat;background-size:cover;background-position:center;\">\n                            <\/div>\n\t\t\t\t\t\t\t\t\n                            <div class=\"col-12 px-4 py-2\">\n                                <h2 class=\"subtitle_home\"><a href=\"https:\/\/kommen.es\/blog\/recetas-alemanas\/osterlamm-cordero-de-pascua-aleman\/\">Osterlamm: El Cordero de Pascua alem\u00e1n<\/a><\/h2>\n                            <\/div>\n                        \n                        <\/div>\n                    <\/article>\n<\/div>\n<\/div>\n\n\n\n<div class=\"wp-block-columns is-layout-flex wp-container-core-columns-layout-7 wp-block-columns-is-layout-flex\">\n<div class=\"wp-block-column is-layout-flow wp-block-column-is-layout-flow\">\n<article id=\"post-1498\" class=\"post-1498 recetas-alemanas type-recetas-alemanas status-publish has-post-thumbnail hentry etiqueta-dulces\">\n                        <div class=\"row mb-3 mx-2 bg-white rounded-1 position-relative\">\n                            <div class=\"col-12 featured-image_home__secondary\" style=\"background:#DDDDDD url(https:\/\/kommen.es\/blog\/wp-content\/uploads\/2023\/05\/donuts-rellenos-berlinas-mermelada.webp) no-repeat;background-size:cover;background-position:center;\">\n                            <\/div>\n\t\t\t\t\t\t\t\t\n                            <div class=\"col-12 px-4 py-2\">\n                                <h2 class=\"subtitle_home\"><a href=\"https:\/\/kommen.es\/blog\/recetas-alemanas\/donuts-berlinas-rellenas\/\">C\u00f3mo preparar Berlinas, el donut alem\u00e1n<\/a><\/h2>\n                            <\/div>\n                        \n                        <\/div>\n                    <\/article>\n<\/div>\n\n\n\n<div class=\"wp-block-column is-layout-flow wp-block-column-is-layout-flow\">\n<article id=\"post-1498\" class=\"post-1498 recetas-alemanas type-recetas-alemanas status-publish has-post-thumbnail hentry etiqueta-dulces\">\n                        <div class=\"row mb-3 mx-2 bg-white rounded-1 position-relative\">\n                            <div class=\"col-12 featured-image_home__secondary\" style=\"background:#DDDDDD url(https:\/\/kommen.es\/blog\/wp-content\/uploads\/2024\/12\/galletas-spitzbuben-receta-navidad.webp) no-repeat;background-size:cover;background-position:center;\">\n                            <\/div>\n\t\t\t\t\t\t\t\t\n                            <div class=\"col-12 px-4 py-2\">\n                                <h2 class=\"subtitle_home\"><a href=\"https:\/\/kommen.es\/blog\/recetas-alemanas\/galletas-spitzbuben-navidad\/\">Descubre las Spitzbuben: unas galletas de Navidad rellenas de alegr\u00eda<\/a><\/h2>\n                            <\/div>\n                        \n                        <\/div>\n                    <\/article>\n<\/div>\n<\/div>\n\n\n\n<div class=\"wp-block-columns is-layout-flex wp-container-core-columns-layout-8 wp-block-columns-is-layout-flex\">\n<div class=\"wp-block-column is-layout-flow wp-block-column-is-layout-flow\">\n<article id=\"post-1498\" class=\"post-1498 recetas-alemanas type-recetas-alemanas status-publish has-post-thumbnail hentry etiqueta-dulces\">\n                        <div class=\"row mb-3 mx-2 bg-white rounded-1 position-relative\">\n                            <div class=\"col-12 featured-image_home__secondary\" style=\"background:#DDDDDD url(https:\/\/kommen.es\/blog\/wp-content\/uploads\/2024\/12\/receta-zimtsterne-galletas.webp) no-repeat;background-size:cover;background-position:center;\">\n                            <\/div>\n\t\t\t\t\t\t\t\t\n                            <div class=\"col-12 px-4 py-2\">\n                                <h2 class=\"subtitle_home\"><a href=\"https:\/\/kommen.es\/blog\/recetas-alemanas\/zimtsterne-galletas-alemanas\/\">Zimtsterne: estrellas de canela, un dulce tradicional para navidad<\/a><\/h2>\n                            <\/div>\n                        \n                        <\/div>\n                    <\/article>\n<\/div>\n\n\n\n<div class=\"wp-block-column is-layout-flow wp-block-column-is-layout-flow\"><\/div>\n<\/div>\n","protected":false},"excerpt":{"rendered":"<p>Descubre las recetas m\u00e1s irresistibles de postres alemanes y a\u00f1ade un toque dulce y aut\u00e9ntico a tus comidas. Desde el cl\u00e1sico Apfelstrudel, con su masa crujiente y relleno de manzana, [&hellip;]<\/p>\n","protected":false},"author":7,"featured_media":0,"parent":0,"menu_order":0,"comment_status":"closed","ping_status":"closed","template":"","meta":{"_acf_changed":false,"inline_featured_image":false,"footnotes":""},"acf":[],"aioseo_notices":[],"_links":{"self":[{"href":"https:\/\/kommen.es\/blog\/wp-json\/wp\/v2\/pages\/3306"}],"collection":[{"href":"https:\/\/kommen.es\/blog\/wp-json\/wp\/v2\/pages"}],"about":[{"href":"https:\/\/kommen.es\/blog\/wp-json\/wp\/v2\/types\/page"}],"author":[{"embeddable":true,"href":"https:\/\/kommen.es\/blog\/wp-json\/wp\/v2\/users\/7"}],"replies":[{"embeddable":true,"href":"https:\/\/kommen.es\/blog\/wp-json\/wp\/v2\/comments?post=3306"}],"version-history":[{"count":7,"href":"https:\/\/kommen.es\/blog\/wp-json\/wp\/v2\/pages\/3306\/revisions"}],"predecessor-version":[{"id":3592,"href":"https:\/\/kommen.es\/blog\/wp-json\/wp\/v2\/pages\/3306\/revisions\/3592"}],"wp:attachment":[{"href":"https:\/\/kommen.es\/blog\/wp-json\/wp\/v2\/media?parent=3306"}],"curies":[{"name":"wp","href":"https:\/\/api.w.org\/{rel}","templated":true}]}}